e of o + 4*s**2 - 2*s**2 - 8 + 4*s. Calculate p(-3).
-8
Let r(a) = -3*a**2 + 37*a - 8. Let m be r(12). Let k(c) = -2*c**2 + 6*c + 5. Let w be k(m). Let i(u) = u**2 - 2*u - 3. Determine i(w).
12
Let c(f) = -f**2 - 6*f - 1. Suppose 4*i - 11 = -35. What is c(i)?
-1
Let p(z) = -1. Let k(v) = -3*v + 21. Let w(y) = -k(y) - 15*p(y). Let u(r) = r**3 + 12*r**2 - 16*r - 188. Let x be u(-12). What is w(x)?
6
Let l be (((-15)/2)/(-15))/((-1)/(-16)). Let j(p) = 2*p - 11. Let x(r) = 7*r + 0*r - 17 - 4*r. Let c(u) = l*j(u) - 5*x(u). What is c(-4)?
-7
Let h(p) = -10*p + 351. Let s(o) = -3*o + 101. Let f(z) = 2*h(z) - 7*s(z). Let g = -9 - -17. What is f(g)?
3
Let l(d) = -d + 5. Let p be l(3). Suppose 6 = 5*i - 4*q, -5*i + 3*q - p = q. Let o(v) = 0*v + 8 + 3*v - 7 + 2. Determine o(i).
-3
Let g(x) = -8*x**2 - x. Let s be g(-1). Let k = 1 + s. Let y(p) = -7*p**2 - 5 + 4 - 3 - p**3 - p - 4*p. Determine y(k).
-10
Let o(d) = -d**2 + d + 2. Suppose l - 6*l + 15 = 0. Suppose 18 = l*f - 0. Let w be (f/5)/((-12)/(-30)). Calculate o(w).
-4
Let g = -2 + 13. Let z(w) = -g*w + 4 + 6*w + 4*w. Calculate z(6).
-2
Let w(p) be the third derivative of -p**8/20160 - p**7/2520 + p**6/240 + 7*p**5/60 + 15*p**2. Let i(j) be the third derivative of w(j). What is i(-3)?
0
Let m(d) = 21*d**3 - 14*d**2 - 12*d + 1. Let t(i) = -8*i**3 + 5*i**2 + 4*i. Let o(h) = 3*m(h) + 8*t(h). Calculate o(-4).
51
Let h be -1*(-4)/(-2)*-1. Let b(f) = 2*f**2 - 5*f + 4. Let z be b(h). Let y(o) = 2*o - 3*o - 3*o**z + 3*o**2 + o**3. Determine y(0).
0
Let x(q) = -2*q + 8. Let d = -53 + 63. Suppose -d + 26 = 2*s. Give x(s).
-8
Let o(x) = 7*x + 7. Let q = 484 - 487. Give o(q).
-14
Let s(q) be the second derivative of q**6/240 - 3*q**5/40 - 11*q**4/12 + 10*q. Let k(i) be the third derivative of s(i). Calculate k(6).
9
Let z be 24/20*(-10)/(-6). Let w(k) = -6 + z - 3*k + 2*k + 7. Give w(6).
-3
Let y be 0 - (-1)/1 - -1. Let x(s) = -y*s + 0*s + s + 3. Let n(t) = t**2 + 30*t + 60. Let o be n(-28). Calculate x(o).
-1
Let j(n) = -3*n - 6. Let h(q) = 2*q**2 + 25*q + 20. Let u be h(-16). Let y = 195 - u. Let g be y/(-13) - 16/104. What is j(g)?
9
Let h(x) = 4*x**2 - 2*x - 4. Let k be 6 + 3/(-1 - 0). Give h(k).
26
Let l(w) = 6 - w + 6*w - w - 6*w. Let s be l(-3). Suppose 5*v - s = -37. Let m(p) = -p**2 - 3*p + 4. Give m(v).
-6
Suppose -10 = -2*i, 4*q - 8*q = -2*i + 30. Let y(t) = -t**2 - 2*t + 9. Calculate y(q).
-6
Let l(h) = -7*h**3 + 8*h**2 - 7*h + 6. Let u(g) = -7*g**3 + 9*g**2 - 8*g + 7. Let o(t) = -7*l(t) + 6*u(t). Let y(c) = 7*c - 34. Let z be y(5). Determine o(z).
6
Let a(i) be the third derivative of -i**6/60 - i**5/30 + i**4/24 + i**3/6 - i**2. Let h be (-170)/136 + (-9)/12. What is a(h)?
7
Let p be (-22)/(-12) - (-1)/6. Let d(m) = p*m - m**2 + 0*m - 5 + 5*m. Determine d(7).
-5
Let j(u) = u**3 + 6*u**2 - u - 4. Let b be j(-6). Suppose 2*g = -2*c + 40, -5*g - 16 + 6 = 0. Let p(y) = 16*y**2 - 1 - y - c*y**2 + 10*y**2. Calculate p(b).
13
Let h(t) be the third derivative of t**4/6 + t**3/6 + 2*t**2. Let m = 87 + -92. Let k(d) = 3*d + 1. Let f(i) = m*h(i) + 6*k(i). Calculate f(-3).
7
Suppose -35 + 56 = 3*h. Let i be h/(-2) + 15/(-30). Let d(s) = s**3 + 5*s**2 + 2*s - 5. Determine d(i).
3
Let f(b) = b - 6. Let i = -2 + 48. Let l = i + -23. Let h = l - 19. Calculate f(h).
-2
Let n(m) be the first derivative of 2*m**2 + m - 41. Determine n(1).
5
Let o(d) be the first derivative of -d**5/20 + 5*d**4/12 + d**3/3 - 3*d**2 - d - 13. Let k(i) be the first derivative of o(i). Determine k(4).
18
Let d(l) be the third derivative of -l**6/30 + l**4/24 + 4*l**2. Let m be d(1). Let x = 8 + m. Let k(a) = -a**2 + 3*a + 6. Calculate k(x).
-4
Suppose 0*m + 3*m = -18. Let y(a) be the third derivative of a**5/60 + 7*a**4/24 + a**3/2 - 307*a**2. Determine y(m).
-3
Let q = -1075 + 1078. Let r(w) = w**2 - 3*w - 7. What is r(q)?
-7
Let y(z) be the first derivative of 9*z**2/2 + 67*z - 39. Calculate y(-8).
-5
Let q(i) = -2*i**2 + 9*i - 5. Let u be 2/(-8)*(-9 + -15). Calculate q(u).
-23
Let r(g) = -g**2 + 3*g + 3. Let x = -846 - -850. What is r(x)?
-1
Let u(r) = r**3 - 19*r**2 + 34*r + 1. Let k be u(17). Let z(q) = 7*q**3 + q**2 + q - 1. Determine z(k).
8
Let r be 1*18/(2/1). Suppose -3*o - q + r = 0, 0*o = -4*o + 4*q + 28. Let m(j) = 4*j + 4. Calculate m(o).
20
Let y(d) = 2*d**2 - 6*d + 9. Let p be (12/(-10)*(-20)/(-8))/(-1). Give y(p).
9
Suppose 0 = 3*b - x - 41, -3*x + 2 = 17. Let a(m) = -m**2 + 12*m + 3. Let f be a(b). Let t(r) = r**2 + 10 + 6*r**f + 9 + r - 20. What is t(1)?
7
Let p be (11 + 3 - 4)*(-3)/6. Let a(g) = -2*g + 12. Let s(i) = 3*i - 22. Let y(o) = p*a(o) - 3*s(o). What is y(-8)?
-2
Let n(k) be the second derivative of k**4/6 + k**3/6 + k**2 - 2*k. Suppose 52*m + 20 = -5*s + 54*m, -5*s = 2*m. What is n(s)?
8
Let f(u) = u**2 - 23*u + 93. Let a be f(5). Let n(r) = r**2 - 4*r + 1. Calculate n(a).
-2
Let a = -5757 + 5761. Let l(r) = -5*r + 1 + r + 2*r. Determine l(a).
-7
Let p(r) = -r**2 + 10*r - 14. Let w be p(10). Let j be -4*1/w*7. Let t(c) be the second derivative of -c**4/12 + 2*c**3/3 + c**2/2 + 8*c. Give t(j).
5
Let v be (1 + 1 - -3)*1. Suppose 0*z - 3*a - 81 = -3*z, -4*a = 2*z - 66. Let h(j) = -52*j - j**2 + 25*j + z*j + 4. Determine h(v).
-11
Let p = 37 - 79. Let h = -43 - p. Let f(a) = 12*a**3 - a**2 - a - 1. Determine f(h).
-13
Let z(d) = -d**3 + d**2 - 1. Let w(k) = 3*k**3 - 11*k**2 - 6*k. Let t(r) = -w(r) - 4*z(r). Suppose -5*p - 24 - 6 = 0. Calculate t(p).
4
Let h(g) = -g**2 + 2*g + 9. Suppose -66 = 253*b - 264*b. Give h(b).
-15
Let s(r) = -2*r - 41. Let z(l) = l + 15. Let i(n) = -3*s(n) - 8*z(n). Determine i(6).
-9
Suppose 5*c + 5*s = 0, 0*s - 1 = 3*c + 4*s. Let r(h) be the second derivative of 0 + 10*h - 1/6*h**3 + 1/2*h**2 + 1/2*h**4. Determine r(c).
6
Let j be (-2)/(-9) - 104/(-18). Let o(q) be the third derivative of 0*q + 6 - 1/24*q**4 + q**2 + 5/6*q**3. Calculate o(j).
-1
Suppose 8 = -c - 5*m, -5*c = -m - 3*m - 18. Let t(v) = -1 - 3*v**2 + c*v - 3*v**2 + 5*v**2. Give t(2).
-1
Let t(m) = -m**2 - 9*m + 10. Suppose -8*j = -6*j + 2*r + 12, 3*j - 3*r + 36 = 0. What is t(j)?
10
Let o(x) = -79*x - 738*x**3 - 2*x**2 + 81*x + 737*x**3 - 4. Let u be (-3)/(-9)*0 - -15. Suppose h = -4*h - u. Calculate o(h).
-1
Let z(q) = 15 + 13 + 9 + 12*q - 35. Calculate z(-2).
-22
Let u(r) = r + 1. Let z(k) be the second derivative of k**2/2 + 4*k. Let s(w) = -u(w) - 5*z(w). Let t be 2/8 - (-294)/(-56). Calculate s(t).
-1
Let t be (-2723)/(-63) + 2/(-9). Suppose t = -8*j - 5. Let m(x) = -2*x**2 - 8*x + 2. What is m(j)?
-22
Let l(x) be the third derivative of -7/24*x**4 + 0 - 1/3*x**3 + 7*x**2 + 1/60*x**5 + 0*x. Let k be l(7). Let g(o) = -6*o + 1. What is g(k)?
13
Let s(j) = -j**2 + 13*j + 42. Let r be s(16). Let u(q) = -q**3 - 5*q**2 + 8*q - 2. What is u(r)?
-14
Let g(m) = -m**3 + 3*m**2 + 2*m + 3. Let v(s) = 4*s - 20. Let i be v(6). Calculate g(i).
-5
Let c(n) = 5*n**3 + n**2 - 2*n - 5. Let m(q) = -7*q - 6*q**3 + 4*q + 2*q**2 - 2 - 7 + 15*q**3. Let t(v) = 7*c(v) - 4*m(v). Determine t(-2).
9
Let r(w) = w**2 + 3. Let j be 1*142*(-19)/38. Let o = -71 - j. Calculate r(o).
3
Let j be 1/3 - 85/(-15). Suppose -4*c + j = -2. Let m(v) = -5*v - c*v + 4*v - 1. Calculate m(-2).
5
Let z(p) = p**3 - 10*p**2 - 5*p + 30. Let a be z(10). Let v be (-68)/a + -7 + 3/5. Let k(q) = 2*q. What is k(v)?
-6
Let f(i) = 3*i**2 + 1 + 11 + 0*i + 3*i - 9. Let b(k) be the third derivative of k**6/120 - 7*k**5/60 + k**4/24 - 3*k**3/2 - k**2. Let z be b(7). Give f(z).
9
Let p(k) = 2*k**3 + k**2 + 1. Let q(u) = -3*u**3 + 4*u**2 + 3*u + 10. Let b(n) = 2*p(n) + q(n). Calculate b(-6).
-6
Suppose 27*m + 28*m = 220. Let r(t) = 6*t - 15. What is r(m)?
9
Let f(g) be the second derivative of g**8/6720 - g**7/360 + 7*g**6/720 + 7*g**5/120 - 3*g**4/4 - 6*g. Let o(q) be the third derivative of f(q). Calculate o(6).
13
Let m be 18/4*(-46)/(-207). Let o(y) = -y**2 - y. Give o(m).
-2
Let t(c) be the first derivative of -c**4/4 + 3*c**3 - c**2/2 + 3*c + 128. Determine t(9).
-6
Let o(r) be the first derivative of -2*r + 0*r**2 - 5/3*r**3 + 6. Calculate o(2).
-22
Let c(r) = -r + 3. Suppose -2*z - 2 = -2*i, 2*i + z = -z + 10. Let q be c(i). Suppose 0 = -q*t - 3*t + 12. Let k(m) = -4*m + 4. Determine k(t).
-12
Let s(j) = -3*j**3 - 21*j**2 - 3*j - 14. Let x(a) = 8*a**3 + 62*a**2 + 8*a +